 + 7. Let v(q) = -11*q + 20. Let r(f) = 8*k(f) - 3*v(f). Determine r(5).
1
Suppose 4*i = 2*i + 66. Suppose 0*t - 13 = t + 3*h, 4*t - i = 5*h. Let d(r) = r**2 + 3*r**2 - 2*r**t - 3*r - 1. Determine d(3).
8
Suppose 5*w + 6 + 2 = -4*o, 0 = 3*w + 4*o. Let m(y) = -y**3 - 4*y**2 - 2*y - 1. Determine m(w).
7
Let u(j) = j**2 - 4*j**2 - 3 + 4*j**2 - 4*j + j**3 - 5*j**2. Give u(5).
2
Let d(z) = z**3 - z + 2. Let i = -46 - -46. Determine d(i).
2
Let x = -12 - -12. Let r(v) = v**3 + v - 12. What is r(x)?
-12
Let v = -61 + 88. Suppose 10 = -2*j - 2*m, v = -2*j - 2*j + 3*m. Let g(a) = -a**3 - 5*a**2 + 6*a - 3. Let l be g(j). Let f(n) = -n - 4. Give f(l).
-1
Suppose 0 = -5*q - 2*a - 1, 5*q - 3*a + 6*a = 1. Let d be -4 + 1 - 2*q. Let g(t) = 1 + 5 + 10*t + 1 - 8. Determine g(d).
-11
Let g = -15 - -16. Let t(a) = -a**3 + a**2 - a + 1. Determine t(g).
0
Suppose -8 = 5*i - 5*q + 17, 5*i - q + 29 = 0. Let b be (i/(-9))/(1/6). Let o(r) = r - 3. What is o(b)?
1
Suppose -n = -5, 3*f - n + 2*n = 20. Suppose -4 = 2*a - 3*a - c, f*a - 4*c - 2 = 0. Let y(s) = -s**3 + 4*s**2 - s - 2. Determine y(a).
4
Let u(l) = 2*l**3 + 5*l**2 + l + 4. Let t(h) = -h**3 - 5*h**2 - 5. Let v(w) = 3*t(w) + 2*u(w). Calculate v(5).
3
Suppose -3*c = c. Let v(f) = 3*f - 4*f**2 + 3*f**2 + c*f**2 + 1 + 1. Suppose -3*b + 3*d + 6 = 0, -3*d + 2 = -1. Determine v(b).
2
Let h = 5 - 2. Suppose -1 = 5*v + 4. Let d = h - v. Let c(a) = -a**3 + 3*a**2 + 4*a - 6. Calculate c(d).
-6
Let i = 13 - 7. Let k(f) = f**2 - 5*f - 7. What is k(i)?
-1
Let n(d) = -d**3 - 6*d**2 + 7*d - 3. Let m be ((-2)/((-6)/(-21)))/1. Calculate n(m).
-3
Suppose 51 = -2*a + 37. Let x(i) = i**2 + 6*i + 2. What is x(a)?
9
Let s be 3 + -4 + (-5 - -3). Let l(c) be the second derivative of -c**4/12 - c**3/6 + c**2/2 + 6*c. Calculate l(s).
-5
Let t(x) = -10 + 2*x + 9 - 4*x. Give t(-5).
9
Suppose -4*o - 13 = -37. Let i be (1 + -3)/(4/o). Let x(j) = -j**3 - 3*j**2 + 3*j + 4. Determine x(i).
-5
Let l = -6 - -8. Let q be 2*(-1)/l*3. Let r(z) = 3*z**2 - 9*z + 1. Let f(b) = 2*b**2 - 8*b + 1. Let a(g) = 4*f(g) - 3*r(g). Calculate a(q).
7
Let i(y) be the first derivative of -y**4/4 + y**3/3 - y**2/2 + y - 1. Suppose 3*w - 3 - 9 = 0. Suppose w*l = 3 + 1. Give i(l).
0
Let m(h) be the second derivative of h**4/12 - 5*h**3/6 - 5*h**2/2 - 21*h. Determine m(5).
-5
Let p(i) = i**3 + 2*i**2 - i + 1. Let n be p(-2). Let k = n + -6. Let b(y) = y**3 + y**2 - 5*y - 4. What is b(k)?
-7
Let z(h) be the second derivative of h**3/3 + h**2/2 + 35*h. Determine z(-5).
-9
Let z = 4 + -2. Suppose -4*v = 4*n + 4, 6*n + 3*v = z*n. Let f(j) = 2*j - j**2 - 6 + n - 3*j. Determine f(-3).
-9
Suppose -4*o - 3*u + 21 = -0*u, 2*u = o + 3. Suppose o*c = 7*c. Let q(l) = 3*l + 2. Let m(p) = -4*p - 2. Let s(k) = 4*m(k) + 5*q(k). What is s(c)?
2
Let u = -19 + 26. Let m(c) = c**2 - 7*c + 3. Give m(u).
3
Let a = -41 - -43. Let o(p) = -3*p - 1. Give o(a).
-7
Let s = -9 + 4. Let t(a) = 2*a**2 - 3*a + 7. Let r be (-1)/(9/4 - 2). Let u(j) = -3*j**2 + 3*j - 8. Let x(c) = r*t(c) - 3*u(c). What is x(s)?
6
Let m(w) = w**3 - 4*w**2 + w - 4. Suppose 5*p - 1 = -4*t, 4*t + 3 = -0*p - p. Suppose 2 = a - p. Give m(a).
-10
Let x = 2 + -4. Let s(w) = -w**3 + w**2 + w - 2. What is s(x)?
8
Let g be 1/1 + 2 + 2. Let z(a) = -a + 1 - 4 - 6*a + 9*a. Determine z(g).
7
Let s(r) be the first derivative of 2 + 2*r + 1/2*r**2. What is s(-2)?
0
Let a(d) = -4*d + 7. Let q(u) = -u. Suppose 5*x = 4*p + p + 5, -31 = 5*x + 4*p. Let t(l) = x*q(l) + a(l). Determine t(6).
1
Let u be ((-2)/(-4))/((-3)/(-18)). Let w(c) be the second derivative of -1/3*c**4 + 0 + c**2 + 1/20*c**5 - 1/6*c**u + c. Determine w(4).
-2
Let f(c) = -5*c - 3*c**2 + c**3 - 12 + 5 - 2*c**2. Suppose -4*t - 6 = -5*t. Determine f(t).
-1
Let t = 543 - 548. Let v(a) = a**2 - 5*a + 2. Let r be v(5). Let m(y) = 4 + 1 + 1 + 4*y + y**r. Calculate m(t).
11
Let i(x) = -3*x**3 - 2*x**2 - 2*x - 1. Let z be i(-1). Let h(w) = -2*w + 0*w**3 - w**3 + 5*w**z + 6 + 2*w - 2*w. Determine h(5).
-4
Let v(c) = -5*c - 1. Let r(z) = -z + 1. Let f(d) = -6*r(d) + v(d). Give f(8).
1
Suppose -x - 16 = -5*x. Suppose -5*q + 3*q + x = 0. Let c(t) = 5*t - 2. Let k(w) = 9*w - 4. Let l(o) = -5*c(o) + 2*k(o). What is l(q)?
-12
Let u(j) be the third derivative of 0 + 0*j - 1/60*j**5 + 1/6*j**4 - 3*j**2 + 0*j**3. What is u(4)?
0
Let p(u) = u**3 + 7*u**2 - 10*u + 3. Suppose 5*i + 37 + 9 = 3*f, 2*f = -i - 4. What is p(i)?
19
Let t(f) = -2 + 3 + 5*f - 8 + 6. Let n(u) = -u**2 - 7*u - 2. Let a be n(-6). Suppose 0 = -i - r + a, 0*r - r = 4*i - 7. Give t(i).
4
Let r(a) = a**2 + 3*a + 3. Suppose 2 = -3*z + 5*z. Suppose 0 = 3*g + 10 - z. Calculate r(g).
3
Let v = -15 + 18. Let s(j) = -j + 6. Determine s(v).
3
Suppose -18 = -0*q - 3*q. Let n(r) = 2*r - 6. Let m(s) = s - 3. Let d(k) = q*n(k) - 13*m(k). Give d(4).
-1
Let m(o) = -4 - o**2 + 2 - 8 - o. Suppose -2*x + 4*x = 0. Calculate m(x).
-10
Let v(t) be the first derivative of -t**4/4 + 2*t**3 + 5*t + 1. Let f be (-50)/(-6) + (-4)/12. Let q = f + -2. What is v(q)?
5
Let m(q) = -q**2 - 2*q - 1. Let o = -16 + 14. Calculate m(o).
-1
Let i(x) = 14*x**3 - x**2 + 2*x - 1. Let k be (-14)/4*(-28)/14. Let r = k - 6. Determine i(r).
14
Let d(u) = u. Let j(q) = -3 + 7 - 2*q + 3. Let g(k) = -d(k) - j(k). What is g(7)?
0
Suppose z + 5*y = 4*y, -3*y + 2 = 4*z. Let r(o) = 4*o + z + 15*o**3 + 4*o**2 + 0 - 14*o**3. What is r(-2)?
2
Let q(v) = -v**3 - 5*v**2 + 6*v + 3. Let h be -1 - (1 - 4/(-1)). Let w be q(h). Let d(f) = -f**3 + 2*f**2 + f + 3. What is d(w)?
-3
Suppose 8 = 4*a - 4*q, 3*a + 2*q + 1 = 2*a. Let l = -2 - a. Let n(h) = -h**3 - 3*h**2 + 3. What is n(l)?
3
Let m(z) = -3*z**2 + 8*z - 7. Suppose -4*s + 10 = s. Let j(n) = -7*n**s + 8*n + 2*n + 7*n - 15. Let v(h) = -2*j(h) + 5*m(h). What is v(5)?
0
Let x(s) = -s**2 + 3*s - 2. Suppose 0 = j + 2 - 5. Suppose j + 22 = 5*m. Suppose -m*v - n + 12 = n, 4*v - 24 = 2*n. Calculate x(v).
-6
Let w(z) be the first derivative of -z**3/3 - 2*z**2 + 7*z + 18. Give w(-7).
-14
Suppose -2*s - 8 = 3*w - s, w - 4 = s. Let n = 4 + 6. Let a(i) = 1 - n*i + 15*i - 5*i - i**2. Calculate a(w).
0
Suppose -37 = -4*v + 3. Suppose -v = 2*z, 2 = -5*u - 2*z - 3. Let h be u/(3 + (-8)/3). Let m(p) = p - 2. Determine m(h).
1
Let p(d) = -d - 3. Let g be (-5 - -2) + 0 - -5. Let s be ((-4)/5)/(g/10). Determine p(s).
1
Suppose -4*y + 0*y = 0. Let u be (0 - y)/(2 + 0). Let l(v) = 5*v - 23. Let s(x) = x - 6. Let z(d) = -2*l(d) + 9*s(d). Calculate z(u).
-8
Let z = 2 + 1. Let q(m) = 4*m + z*m + 5 - 6*m. What is q(-3)?
2
Let x(b) be the second derivative of b**4/12 - b**3/3 - 3*b**2/2 - 8*b. Determine x(-2).
5
Suppose 3*h + 7 = 1. Let a(y) be the first derivative of 5*y**2/2 + 3*y + 4. Calculate a(h).
-7
Let d(a) = -a**3 - 2*a**2 + 5*a + 3. Suppose 5*i + 23 = f + 3*f, 0 = 2*f - 4*i - 16. Suppose -3*s - 5*u - f = 22, s = 4*u + 9. Give d(s).
-3
Let y(h) = h**2 + 8*h - 8. Suppose -5*c - 5*j - 65 = 0, -1 = 2*c + 2*j - 5*j. Determine y(c).
-8
Suppose 42 = -7*j - 0*j. Let h(k) = k + 1. Determine h(j).
-5
Let n(h) be the third derivative of h**5/60 + 7*h**4/24 - h**3/2 + 15*h**2. Give n(-8).
5
Let r be (-12)/(-66) - (-20)/11. Suppose 0 = -3*b + 4 + 5. Let c(o) = -r - o**2 - o - 1 + 0*o**2 - b. Give c(0).
-6
Let m(i) = i**2 - 3 - i - 3*i + 0*i**2. Let r be m(5). Let h(u) = 0*u + 11 + 3*u - r*u. Determine h(-5).
6
Let f(x) = -x**3 - 12*x**2 - 10*x + 7. Let g(w) = w**3 + 11*w**2 + 21*w + 16. Let u be g(-9). Calculate f(u).
-4
Let r(i) be the second derivative of i**3/6 - 15*i**2/2 + 29*i. Give r(0).
-15
Let r(u) = -1 - 6*u**2 - 6 + 36*u**3 + u - 35*u**3. Determine r(6).
-1
Let f(s) = -s**3 - 11*s**2 + 6*s + 4. Let t(b) = -b**3 - 10*b**2 + 6*b + 3. Let q(g) = 5*f(g) - 6*t(g). Calculate q(-6).
2
Suppose r = 2*r - 2. Suppose d - 9 = r*j, 4*d - 4*j = 11 + 5. Let y(m) = -3*m + 3. Let k(u) = -7*u + 7. Let c(g) = 2*k(g) - 5*y(g). Give c(d).
-2
Let k(i) = -i**3 + 4*i**2 + i - 2. Suppose r + 16 - 20 = 0. Calculate k(r).
2
Let f(w) = -w + 2. Let u(o) = -o - 4. Let c be u(-3). Let z be c/(-3) - (-8)/12. Let i be z/(-2 + (-9)/(-5)). Give f(i).
7
Let h be 6/4*(2 + -4). Let b(f) = -f - 2. Let u(x) = x + 1. Let s(r) = b(r) - 2*u(r). Give s(h).
5
Let t(v) = -2*v**2 - 4*v. Let w(s) = s**2 + 6 + 1 - 6*s - 2 + 0*s**2. Let b be w(4). Give t(b).
-6
Let d(w) = -w**2 + 4*w - 1. Le